uppose 0 = 2*h + b - 5, 2*b - 3*b + 5 = y. Suppose -2*q + 202 - 70 = h. What is the tens digit of q?
6
Suppose 2*j = 3*d - 9490, -20 = -4*j - 4. What is the units digit of d?
6
Let v = -355 - -191. Let h = 317 + v. Suppose 0 = -11*r + 8*r + h. What is the units digit of r?
1
Let z(o) = 2*o + 1 + 13 - 5. What is the units digit of z(0)?
9
Let z be 362/3*(-15)/(-10). Let l = -101 + z. What is the units digit of l?
0
Let a(d) = 164*d - 2. Let s be a(1). Let o = s - 77. What is the tens digit of o?
8
Suppose 4*b + j = -2*j + 2078, -4*b + 2092 = -4*j. Suppose -s + b = 5*g - 5*s, -g = -s - 105. Let y = 143 - g. What is the units digit of y?
2
Let b(y) = -76*y - 91. What is the units digit of b(-8)?
7
Let z(v) = -v**3 - 5*v**2 + 5*v - 13. Let d be z(-6). What is the units digit of (54/21)/(d/(-98))?
6
Suppose -1734 = -18*y + 7104. What is the units digit of y?
1
Let i(h) be the second derivative of -h**4/12 - 11*h**3/6 - 4*h**2 + h. Suppose -2*z + 28 = -3*w, -4*w - 2 = 5*z + 43. What is the units digit of i(w)?
2
Suppose 0 = h + 4*q - 7 + 6, -q = 4*h - 19. Suppose -h*j + 413 = -2*m, 5*m + 38 = j - 40. What is the tens digit of j?
8
Let b = -283 + 1342. What is the thousands digit of b?
1
Let s = -116 + 222. Let o = s - 74. What is the units digit of o?
2
Let x = -20 - -25. Suppose -2*f - f + 3*v + 237 = 0, 15 = x*v. What is the units digit of f?
2
Suppose -3*o + 19 = 5*h - 2*o, 2*o = 4*h - 18. Suppose h*k + 61 = 3*m + 3*k, -1 = m + 5*k. What is the units digit of m?
9
What is the units digit of ((-16)/24)/(4/(-3))*2254?
7
Let t(v) be the third derivative of v**4/24 + 2*v**3/3 - 3*v**2. Let x be t(-13). Let a = 13 + x. What is the units digit of a?
4
Suppose 75 = -44*l + 39*l. What is the tens digit of (-6)/l - (-1368)/30?
4
Let q(g) = -g**3 - 2*g**2 + 8*g + 3. Let u be q(-4). Let b(k) = 2*k**2 + 8*k - 15. What is the units digit of b(u)?
7
Let j(c) = c**3 + 24*c**2 + 21*c - 20. Let h be j(-23). Suppose 0 = -0*o + 2*o - 62. Suppose h*n = o*n - 295. What is the tens digit of n?
5
Let u be (6/(-4) - -1)*0. Let s be 0 + 5 + (u - -1). Suppose 45 = -s*d + 201. What is the units digit of d?
6
Suppose -18 = 2*j - 50. Let a = -11 + j. Suppose -2*c = -a*c + 90. What is the units digit of c?
0
Suppose j + 5 = 3. Let l = 1 + j. What is the tens digit of (258/3 - 3) + l?
8
Let n be 28/(-6)*(-1 + 39/(-6)). Suppose -n = -4*o + 705. What is the hundreds digit of o?
1
Let p be ((-4)/(-10))/(2/10). Let q be ((-36)/30)/(p/(-55)). Suppose -4*r + q = -r. What is the units digit of r?
1
Let a(f) = 21*f**2 + f - 70. What is the units digit of a(-7)?
2
Let y(o) = o**2 + 2*o + 2. Let j be y(-3). Suppose 5*m - j*s = -20, 4*m + 5*s - 1 + 8 = 0. What is the tens digit of (1 + -2)*(m + -8)?
1
Let b(v) = -v + 1. Let k(x) = -4*x - 4. Let t(m) = 2*b(m) + k(m). Let g be ((-24)/9)/((-3)/(-9)). What is the tens digit of t(g)?
4
Let r = -15 - -18. Suppose 90 = 3*m + 3*f, f - r*f = 2. Suppose -3*g = 4*p - m, 5*g = p - 4*p + 48. What is the units digit of g?
9
What is the hundreds digit of 6*(3 - (6 + -1) - -424)?
5
Suppose 9*t - 12*t + 7845 = 5*u, 0 = -3*t - u + 7833. What is the tens digit of t?
1
Suppose 53 = 6*z - 1. Suppose 0 = 3*f - z*f + 138. What is the tens digit of f?
2
Suppose 644 = 17*h - 10*h. Suppose 0 = 9*p - 5*p - h. What is the tens digit of p?
2
Let s = 135 - 102. Let w = s + 178. What is the units digit of w?
1
Suppose 2*h + q - 45 = 0, q - 28 - 86 = -5*h. Let t = h + 27. What is the tens digit of t?
5
What is the thousands digit of (-63)/(-6)*(-7720)/(-60)?
1
Suppose -8*n + 360 = -2*n. Let h be (-5)/(n/(-92))*3. Let c = h - 3. What is the units digit of c?
0
What is the thousands digit of (-3602)/4*(-152)/38?
3
Suppose 2*q = -2*u + 14, -4*q = 4*u - 5*u - 8. Let h = u + 89. What is the units digit of h?
3
Let b = -438 + 739. What is the tens digit of b?
0
Suppose 6*c - 7*c = 9. Let x be c/27*(-78)/1. Let m = x + 11. What is the tens digit of m?
3
Let i be (-21 + 2)/1*-1. Let x = -29 + i. Let r = x + 21. What is the units digit of r?
1
Let j be -1 + 2 + 1 + 1. Let p(w) = -2*w**3 + j*w**3 + 11*w**2 - 7 - 8*w - 5*w. What is the units digit of p(-12)?
5
Suppose 3*v - 972 = 3*u, 41 = -v + 5*u + 361. What is the tens digit of v?
2
Let x be 2 + -5 + 2 + 9. Suppose -x*i + 114 = -6*i. What is the tens digit of i?
5
Let i = -2081 + 3149. Suppose -5*h = -4*r - 1077 - 294, 4*h + 4*r - i = 0. What is the units digit of h?
1
Suppose -745 = 7*g + 123. Let i = g + 246. What is the hundreds digit of i?
1
Let s(m) = 11*m**3 - 2*m**2 - 4*m + 3. Let l be s(3). What is the units digit of (8/6)/(((-66)/l)/(-11))?
0
Let p(l) = -5*l**2 - l**3 - 4*l**2 + 9 + l**2 + 14*l. What is the tens digit of p(-10)?
6
What is the thousands digit of 10/4*402380/550?
1
Let m = -4 + 3. Let i be (3/(-5) + m)*-95. What is the tens digit of (-10)/(-4)*i/20?
1
Let p be 60/9*(-1 + 4). Let g = p + -20. Suppose -s - 5*v = -28 - 27, g = -2*s + 2*v + 74. What is the units digit of s?
0
Let q(u) = -u**3 - 14*u**2 + 151*u - 4. What is the tens digit of q(6)?
8
Suppose 0 = 4*m - 2*s - 1378, -3*s - 209 = 2*m - 886. What is the units digit of m?
3
Let m = 59 + -22. Let v be 30/8*(19 + -3). Let i = v - m. What is the units digit of i?
3
Let v = 64 + -110. Let q = -27 - v. Let a = q + -2. What is the units digit of a?
7
Let r(s) be the first derivative of 35*s**3/3 - s**2/2 + 2*s + 11. Let z(v) = -v**3 - 5*v**2 + 6*v + 1. Let k be z(-6). What is the tens digit of r(k)?
3
Let a = 59 + 69. Suppose 0 = -s - 2*g + a, -6*g + g + 261 = 2*s. What is the units digit of s?
8
Suppose 3*i - 6*i = -45. Suppose 20*a - 60 = i*a. What is the tens digit of a?
1
Suppose -13*d = -5*d - 768. What is the units digit of d?
6
Let o = 881 + -361. Suppose -2*t + 2*z = -272, -2*t = -6*t - 4*z + o. What is the tens digit of t?
3
What is the units digit of (-4)/(-42) + 1257467/1239?
5
Let j(t) = t**3 - 38*t**2 - 105*t + 174. What is the tens digit of j(41)?
1
Let h(z) = 23*z**2 - 2*z + 2. What is the tens digit of h(6)?
1
Suppose 5*c = b - 44, -b - 25 = 3*c - 3*b. Let x(h) = 2*h**2 + 12*h + 18. What is the units digit of x(c)?
2
Let r(z) = -z**2 + 16*z + 5. Let f(q) = 5*q - 8. Let t be f(3). What is the units digit of r(t)?
8
Let h = 195 + -163. Let g = 14 - 7. Suppose 0 = y - g - h. What is the units digit of y?
9
Let m(q) = q - 21. Let g(x) = x - 11. Let k(a) = -11*g(a) + 6*m(a). What is the units digit of k(-11)?
0
Let v = -5 + 10. Suppose -r = -v*r + 12. Suppose -r*a + 2*m = -80, 2*a + 2*a + m = 92. What is the tens digit of a?
2
Suppose 2*f + 4 = -c, 4*c = -3*f + f - 4. Let k(m) = m. Let z be k(f). What is the units digit of -5*(z - (-9)/(-15))?
3
What is the units digit of (-10)/(-105)*7 - (-1666)/3?
6
Let h(i) = i**2 + i + 1. Let o(b) = -13*b**2 - 8*b - 32. Let y(a) = 5*h(a) - o(a). What is the units digit of y(-4)?
3
Suppose -9 = -5*r + 2*r. Suppose 0 = -r*q - 3*q + 54. Suppose -q*h + 5*h + 108 = 0. What is the tens digit of h?
2
Let u = 1353 - 959. What is the hundreds digit of u?
3
Let g(s) = -82*s**3 - 5*s**2 - 8*s - 1. What is the units digit of g(-2)?
1
Suppose 8*a - 13*a - 40 = 0. Let q = -12 - a. Let z(s) = s**2 - 4*s + 4. What is the tens digit of z(q)?
3
Let h = 1485 - 491. What is the hundreds digit of h?
9
Suppose 0 = -8*j - 0*j + 6920. What is the units digit of j?
5
Let s(d) = -4*d - 7. Let n be s(-3). Let k(i) = n*i**2 - 1 + 1 + 0. What is the units digit of k(-1)?
5
Suppose 4*i - 5*j = 1300, 5*i - 799 = -j + 797. What is the hundreds digit of i?
3
Suppose 2*f + 46 + 452 = 0. Let j = f - -348. What is the units digit of j?
9
Let c be (294/10)/(4/20). Suppose 12 = -2*d - 2*h - 2*h, -25 = 5*h. Suppose 136 = 4*b - d*a, 0 = -5*b + a + 3 + c. What is the tens digit of b?
2
Let w be (-9 - -11)*(-1 + 53). Let a = w + -44. What is the units digit of a?
0
Let n = 874 + -163. What is the tens digit of n?
1
Let x = 129 + -19. What is the tens digit of (-1302)/(-22) + (-20)/x?
5
What is the tens digit of ((0 - -4) + 27)*846/18?
5
Let b = 3 + 652. Let j = -385 + b. What is the tens digit of j?
7
Let k(x) = -2*x - 1. Let q be k(-2). Let g(w) be the first derivative of w**4/4 - w**3/3 + w**2/2 + 2*w + 3. What is the tens digit of g(q)?
2
Suppose 0*i + 9 = 3*i. Suppose -10 = o - 5*c, 3 = 3*c - i. Suppose -4*y + 294 - 18 = o. What is the un